*l**3/3 - l - 1. Let v be ((-27)/54)/((-6)/4 + (-1 - -2)). Calculate c(v).
-26
Let f(k) be the third derivative of -k**5/60 + 5*k**4/24 - 2*k**3/3 - 21*k**2. Determine f(5).
-4
Let l(t) = 2*t**2 + 23*t - 9. Let o be l(-12). Let i(s) = s**3 - 4*s**2 + 2*s - 5. Let w be i(o). Let k(z) = -z**2 - 8*z + 3. Calculate k(w).
3
Let j(l) = -8*l**2 + 7*l - 6. Let n(w) be the third derivative of -7*w**5/60 + w**4/4 - 5*w**3/6 - 12*w**2. Let g(k) = 5*j(k) - 6*n(k). What is g(1)?
1
Let z be 18*1 + 0 + 0. Let t be (-1)/3 + (-102)/z. Let m(u) = -u**2 - 6*u + 8. Determine m(t).
8
Let z(a) = -a + 4*a + 0*a + 2 + a**2 - 1. Suppose 0*n - 50 = -2*n. Suppose 3*r + 2*k = -n, 0 = -5*r + r + k - 15. Give z(r).
11
Suppose -4*g + 12 = 4. Suppose 3*l - 2*l - g = 0. Let t(p) = -l*p**2 - 18*p**3 - 3*p**2 + p + 17*p**3 + 2. Determine t(-5).
-3
Let a(c) = 3*c + 2. Let b(s) = 2*s + 2. Let f(y) = -4*a(y) + 5*b(y). Suppose 0*j - 2*j - 4 = 0. Let p be f(j). Let t(o) = o**3 - 5*o**2 - 8*o - 1. Give t(p).
-13
Let h(q) = 4*q**2 + 43*q + 112. Let c be h(-4). Let d(f) = 3 + 3*f + f**2 + f**2 - 3*f**2. Give d(c).
-1
Let k = -37773 + 37769. Let n(l) = l**3 + l**2 + l + 1. Let t(v) = 5*v**3 + 8*v**2 + 5*v + 2. Let p(u) = 4*n(u) - t(u). What is p(k)?
6
Let h = -28 + 87. Let c = 66 - h. Let t(p) = p**2 - 6*p - 7. Calculate t(c).
0
Suppose 42*z = 38*z - 2*c, -z + 2*c + 15 = 0. Let o(h) = h**2 + 1. Let n = -14 + 8. Let m(t) = t**2 + 1. Let v(j) = n*m(j) + 5*o(j). What is v(z)?
-10
Let x(d) = -2*d - 7 + 1 - 3. Let o be x(-6). Let f(k) = -4*k - k**3 + 1 + k + 4*k**2 + o. What is f(3)?
4
Let i(m) = m**3 - 4*m + 1. Let u = -77 + 75. Calculate i(u).
1
Suppose 0 = 2*j + 3*s + 32, j - 3*j - 40 = -s. Let r = j + 11. Let o be (-20)/r*(-1 - -3). Let d(p) = -p - 3. What is d(o)?
-8
Let f(m) = m**2 + 5*m + 3. Let v be f(-6). Suppose -4*u = 4*b + 12, 2*b = -4*u + b - v. Let q(g) be the first derivative of -2*g**2 - g + 7. Give q(u).
7
Let w be (7 - 2)/((-5)/(-2)). Let m(s) = 7*s**w - 5 - s**3 - 167*s + 0*s**2 + 168*s. What is m(7)?
2
Let g(f) be the first derivative of -1/4*f**4 + 2/3*f**3 + 4*f + f**2 + 15. Give g(3).
1
Suppose g = 2*g + 1, 5*n = 4*g + 149. Let q(i) = -n*i + 1 - 9 + 14*i + 13*i. Determine q(-7).
6
Suppose 5 - 35 = -10*v. Suppose 32 = v*a - 4. Let l(x) = x - 14. Give l(a).
-2
Let q(a) be the first derivative of a**3/3 + 2*a - 30. Determine q(-2).
6
Let w be (-452)/(-14) + (-2)/7. Suppose 0 = -5*t + t + w. Let h = -9 + t. Let z(v) = -4*v**2 - 2*v - 1. Calculate z(h).
-3
Suppose -d + 14 = 2*b, 5*b - 5*d + 29 = 94. Let c(s) = -s**3 + 9*s**2 - 5*s + 6. Calculate c(b).
-39
Suppose 0 = 2*w - 2*a - 3*a + 6, 0 = w - a. Suppose -5*q + h - 3 + 18 = 0, 4*q + 3*h = 12. Let b(v) = -v**3 - 1 - q*v**2 + 1 + 4*v - 2 + 2*v**3. Determine b(w).
2
Let v be 0 + -1 - 2/(-1). Let f(h) = 256*h + 1 - 257*h - h**3 - 5*h**3. Give f(v).
-6
Let t(n) = -2*n**2 + 0*n**2 - 1 + 2*n + 3*n**2. Suppose 4*s = -j + 4, 0 = -16*j + 17*j + 5*s - 6. What is t(j)?
7
Let w(l) = -3*l + 19. Let j(p) = -p + 6. Suppose -5*v = 5*n + 35, 2*v = -5*n - 24 - 11. Let a(o) = n*j(o) + 2*w(o). Determine a(8).
4
Let q(l) = -385*l**2 + l**3 + 369*l**2 - 2*l - 61 + 96. Give q(16).
3
Let h(n) = 7*n + 11. Let s be 2/5*(-105)/(-126)*-15. Calculate h(s).
-24
Let t be 9*-14*(-10)/1260. Let g(v) = -4*v**2 + 4*v**2 + v + v**2. Give g(t).
2
Let f(v) = -3*v + 12. Let m be -6*((-45)/75 + (-2)/(-20)). What is f(m)?
3
Let w(o) be the first derivative of -o**4/4 - 4*o**3/3 + 5*o**2/2 - 3*o - 586. Let c(b) = -b + 1. Let h be c(6). Give w(h).
-3
Let w(u) = u**3 - u**2 + u - 15. Let p be (-638)/(-55) - (-2)/5. Let a = p - 4. Suppose 5*m = a*m. What is w(m)?
-15
Let b(k) = k**3 - k**2 - k - 23. Suppose -t = -2*t - 2*t. Calculate b(t).
-23
Suppose 3*p + 47 = -4*x, 4*x + p - 6*p = -7. Let s be 1 + x/(-2) + -1. Suppose 2 = s*y - 6. Let r(a) = -a - 1. What is r(y)?
-3
Let n = -8 + 5. Let r(b) = -b + 1. Let s be (-6)/(-4)*(-2 - 0) - -18. Let w(d) = -4*d + 6. Let p(v) = s*r(v) - 3*w(v). Determine p(n).
6
Let t(s) be the second derivative of 11*s**6/360 + s**5/120 - 5*s**4/12 - 10*s. Let j(g) be the third derivative of t(g). What is j(-1)?
-21
Let z(k) = k**2 - 2. Let s = -19 - -19. Suppose s = 2*t - 2*y - 2, -3 = 3*t + y - 10. What is z(t)?
2
Let d(g) = 4*g**3 - g**2 + 7*g - 8. Let f(j) = -j**3 - j**2 + 2. Let w(b) = -d(b) - 5*f(b). Give w(-7).
-2
Let j(f) = -2*f**2 - 9*f + 4. Suppose -7*g + 11*g + p = -24, -3*g = -3*p + 3. What is j(g)?
-1
Let t(k) = k**3 + 4*k**2 - k - 2. Suppose -u - 4*i + 2 = 9, 3*i = 4*u - 10. Let y be 6/4*((-5)/15 - u). Calculate t(y).
8
Let z(l) = -l + 1. Suppose -2*k + 0*k = 0. Let q be z(k). Let p(s) = 10*s + 5. Let y(c) = 5*c + 2. Let n(r) = 2*p(r) - 5*y(r). Determine n(q).
-5
Let l(b) = -b**2 + 9*b + 9. Let f be l(10). Let y be (-1 + f)/(-2)*1 + -2. Let v(w) = 7*w - 1. Calculate v(y).
-8
Suppose -10 = 6*w - w. Let d = -1 - w. Let h(k) be the second derivative of 9*k**5/20 - k**4/12 + k**3/3 - k**2/2 - 554*k. Give h(d).
9
Let k(p) be the first derivative of 8*p - 1/12*p**4 - 2 - p**2 + 5/6*p**3. Let g(i) be the first derivative of k(i). What is g(3)?
4
Let p(y) = 2*y**3 - y**2 - 2*y + 1. Let n(t) = -7*t**3 + 12*t**2 + 10*t - 5. Let s(g) = n(g) + 4*p(g). Calculate s(-6).
59
Let d be ((-24)/(-9))/((-4)/(-6)). Let r(w) = 1 + 0*w**2 - 3*w + d*w - 2*w + w**2. Calculate r(0).
1
Let t(z) be the third derivative of -z**5/60 + 5*z**4/8 - 2*z**3 - 19*z**2 - 9. Give t(14).
2
Let a(y) be the first derivative of y**2 - 5*y + 57. Calculate a(5).
5
Let c(x) = -4 + 2*x - 11*x + 2*x + 6*x. Determine c(3).
-7
Let l(j) = 1 - 4 + 5 - 8*j - j**2 - 6. Suppose 4*f = 8*f + 5*x - 29, -f + 2*x = 9. Let w be (4 - f)/(3/(-8)). What is l(w)?
-4
Let c(h) = -3*h + 2. Let o be c(2). Let p(k) = k**3 + 2*k**2 + k + 2. Calculate p(o).
-34
Let j(q) = -q**2 + 17*q + 28. Let k(d) = 24*d - 125. Let p be k(6). What is j(p)?
-10
Let g(d) = -d**2 + 11*d - 2. Let s(n) = 2*n**2 - 21*n + 5. Let m(u) = 7*g(u) + 4*s(u). What is m(4)?
-6
Suppose 0 = -y + 3*y - 2*n + 42, 4*n = 3*y + 65. Let q = y - -13. Let b(o) = -5*o - 2. Let h(u) = u. Let r(k) = -b(k) - 6*h(k). Calculate r(q).
8
Let f(x) be the second derivative of x**5/20 + 7*x**4/12 + 5*x**3/6 - 2*x**2 - 2133*x. Suppose 9 = 4*c - 7. Suppose -c*r + 7 = 31. What is f(r)?
2
Let s(g) be the first derivative of 5*g**2 - 3*g + 22 + 1/3*g**3. Give s(-10).
-3
Let t be (-36)/5*(-3 + -2). Let p = t + -33. Let g(i) = 3*i - 3. Determine g(p).
6
Let f(h) be the second derivative of 13*h**4/12 + 5*h**3/6 + 2*h**2 - 120*h. Determine f(-1).
12
Suppose -6*q + 3*q = -3*p, 4*p - 10 = 2*q. Suppose 11 = -5*o - 2*k, -3*o + p*k + 9 + 3 = 0. Let c(t) = 15*t**2 - t - 1. Determine c(o).
15
Let h(a) = -a**2 - a + 1. Let g(z) be the third derivative of -z**4/6 + 5*z**2. Let p be g(1). What is h(p)?
-11
Let q(u) be the third derivative of u**5/60 - 17*u**4/24 + 15*u**3/2 - 82*u**2. Determine q(13).
-7
Let a(u) be the third derivative of -u**4/12 - u**3 + u**2. Let m be (-208)/(-48) + -2 + (-15)/(-9). Suppose 0 = -m*q - 14 - 10. Give a(q).
6
Let v(i) = 2*i + 3. Let g(p) = -p**2 - 14*p + 119. Let q be g(6). Give v(q).
1
Let g(b) = 2*b + 6. Suppose r = 3*m + 4*r - 27, 6 = -m + 2*r. Suppose -16 = 5*a + m. Determine g(a).
-2
Let x(d) = 2*d**3 + d**2 + 3*d + 1. Suppose 17 = -c + 5*b, 10 = 4*c + 2*b + 12. Determine x(c).
-17
Let r be ((-36)/2)/((-8)/(4 + 0)). Suppose w + 12*a = r*a + 10, 2*a = -4*w + 10. Let i(f) = 4*f**2 - 1. Give i(w).
3
Suppose 0 = 10*m - 16*m - 42. Let a(v) be the second derivative of -v**4/12 - 4*v**3/3 - 3*v**2/2 + v. Determine a(m).
4
Suppose -2*w - 2*l = 50 - 48, 4*l = -5*w - 6. Let m(q) = q**3 + q**2 + 2*q + 4. Determine m(w).
-4
Suppose -3 = -3*t - 12. Let n(h) = 180*h + 0 - 541*h + 177*h + 178*h - 3. Give n(t).
15
Let a(z) be the first derivative of z**4/12 + 7*z**3/6 - 11*z**2/2 + 2*z - 7. Let f(y) be the first derivative of a(y). Determine f(-8).
-3
Let j(l) = -2*l**3 - 2*l**2 + 1. Let p(i) = i + 20. Let g be p(-15). Let k(z) = z - 7. Let d be k(g). What is j(d)?
9
Let k(i) be the second derivative of -i**5/20 + i**4/3 - i**3/3 + 2*i**2 - 137*i + 1. Let s(b) = b - 3. Let d be s(7). Determine k(d).
-4
Let x(v) = v**2 + v + 1. Let p = -24 - -42. Suppose -4*w - 6 + p = 0. Suppose -2*r - 3*u + 8 = 0, -u = 5*r - w*u + 18. Give x(r).
3
Let f